 a factor of 1797979072?
False
Does 1818 divide 31002354?
True
Is 118 a factor of 19361322?
True
Is 997 a factor of 77339380?
False
Is 29478365 a multiple of 7?
True
Is 3194 a factor of 4622510112?
True
Is 115761090 even?
True
Is 7767515 a multiple of 155?
True
Is 614846592 a multiple of 6?
True
Does 206 divide 1516353833?
False
Is 502 a factor of 147877163?
False
Is 1536 a factor of 34040832?
True
Does 76 divide 874933716?
False
Is 3732 a factor of 57702222?
False
Does 1598 divide 28046498?
True
Does 734 divide 149931978?
True
Does 134 divide 208089270?
True
Does 12 divide 2472836184?
True
Is 292 a factor of 80186120?
True
Is 2002 a factor of 4106102?
True
Is 240 a factor of 107819280?
True
Does 36 divide 63034848?
True
Does 2333 divide 845175910?
True
Is 9 a factor of 137358270?
True
Is 7 a factor of 147244423?
False
Is 239161868 a multiple of 154?
False
Is 2 a factor of 10040165?
False
Is 24 a factor of 911280?
True
Does 344 divide 17611080?
True
Is 2189400304 a multiple of 112?
True
Is 3869 a factor of 296247649?
False
Does 272 divide 23553568?
True
Is 85913056 a multiple of 11?
False
Does 7 divide 151483769?
False
Does 2078 divide 995813545?
False
Is 1794 a factor of 3765092861?
False
Does 196 divide 204267868?
True
Is 1158 a factor of 21661045?
False
Is 78682328 a multiple of 375?
False
Is 1619255 a multiple of 55?
True
Does 55 divide 62596875?
True
Is 114228795 a multiple of 9?
False
Does 28 divide 262806880?
True
Is 14 a factor of 21375735?
False
Is 31369320 a multiple of 15?
True
Is 336443148 a multiple of 477?
False
Is 8 a factor of 21409142?
False
Is 171796092 a multiple of 12?
True
Is 34658155 a multiple of 1085?
True
Is 154 a factor of 19834738?
True
Is 1252 a factor of 62789573?
False
Is 730 a factor of 602390160?
True
Is 63525413 a multiple of 3?
False
Does 6 divide 280185216?
True
Does 29 divide 2032413322?
True
Is 551 a factor of 827359287?
False
Is 1475 a factor of 1246311575?
True
Is 278 a factor of 67893438?
True
Is 70856556 a multiple of 1205?
False
Is 590673538 a multiple of 23?
False
Does 3189 divide 1952623769?
False
Does 1700 divide 862087000?
True
Is 5249486350 a multiple of 8350?
True
Is 118344149 a multiple of 31?
False
Does 817 divide 111985373?
True
Does 222 divide 3251797955?
False
Does 18 divide 1046903779?
False
Is 4394 a factor of 489346598?
True
Is 180501464 a multiple of 676?
True
Is 99 a factor of 2354139513?
True
Is 417507480 a multiple of 117?
True
Is 114 a factor of 354852588?
True
Is 1455707 a multiple of 1456?
False
Does 397 divide 19042763?
False
Does 79 divide 96168675?
True
Does 5053 divide 482578123?
False
Is 291024893 a multiple of 47?
True
Does 37 divide 48344348?
True
Is 26112579 a multiple of 536?
False
Is 14 a factor of 3914904743?
False
Is 161 a factor of 15918231?
True
Is 271113227 a multiple of 79?
True
Is 11 a factor of 152929448?
False
Does 321 divide 48823135?
False
Is 11760768 a multiple of 2?
True
Is 187837083 a multiple of 63?
True
Is 35424456 a multiple of 525?
False
Is 1377343 a multiple of 11?
True
Does 8 divide 16045906?
False
Is 4 a factor of 11321475?
False
Does 28 divide 1861496?
True
Is 5 a factor of 1637763?
False
Does 4 divide 12892636?
True
Does 4 divide 6559248?
True
Does 11 divide 880379489?
True
Is 55 a factor of 163258700?
True
Does 301 divide 116896059?
True
Is 434 a factor of 2817870860?
True
Is 82491110 a multiple of 66?
False
Does 9 divide 4324221?
True
Does 37 divide 741607946?
True
Is 2090675 a multiple of 5?
True
Does 1166 divide 27339202?
True
Does 1337 divide 130310705?
True
Does 64 divide 74723008?
True
Does 531 divide 123082332?
False
Is 2189372185 a multiple of 5210?
False
Is 100 a factor of 147955200?
True
Is 117 a factor of 100809189?
True
Does 384 divide 9817344?
True
Is 71829747 a multiple of 250?
False
Is 462 a factor of 54313644?
True
Is 12 a factor of 35915753?
False
Is 125 a factor of 1781508?
False
Is 282205630 a multiple of 70?
True
Is 2287 a factor of 79502752?
False
Is 2782746070 a multiple of 5486?
True
Is 1587 a factor of 139073398?
False
Is 244643658 a multiple of 57?
True
Is 563270120 a multiple of 14?
True
Is 9 a factor of 2411465876?
False
Is 64 a factor of 2474640?
False
Is 100994064 a multiple of 1668?
True
Does 20 divide 28589544?
False
Is 556660220 a multiple of 290?
True
Is 1844 a factor of 189103978?
False
Is 78 a factor of 76432868?
False
Is 18 a factor of 463186620?
True
Is 5169 a factor of 81470203?
False
Is 9719495 a multiple of 80?
False
Does 38 divide 2406117744?
True
Does 334 divide 9606090?
False
Does 167 divide 6381720958?
False
Is 28 a factor of 1452828?
False
Is 16 a factor of 41061328?
True
Is 29 a factor of 111692782?
False
Does 26 divide 18796710?
False
Is 10297000 a multiple of 1321?
False
Does 207 divide 419255312?
False
Is 106132005 a multiple of 2565?
True
Is 94 a factor of 82614344?
True
Is 1104338070 a multiple of 110?
True
Does 18 divide 4508523?
False
Does 273 divide 1484?
False
Does 32 divide 20200736?
True
Does 3 divide 2709749?
False
Is 23034503 a multiple of 23?
False
Does 174 divide 116263320?
True
Does 1913 divide 168679577?
False
Is 3437 a factor of 307686457?
False
Is 9 a factor of 47647854?
True
Does 231 divide 309963654?
True
Does 2982 divide 1131847371?
False
Is 188829626 a multiple of 641?
True
Does 437 divide 140235239?
False
Does 133 divide 703210564?
False
Is 7 a factor of 679787070?
False
Is 614700876 a multiple of 1459?
False
Is 145 a factor of 106386645?
True
Does 26 divide 2968690140?
True
Is 224826809 a multiple of 305?
False
Is 720803246 a multiple of 111?
False
Does 2240 divide 843713920?
True
Does 363 divide 640353480?
False
Is 9 a factor of 185306408?
False
Is 28 a factor of 10001012?
True
Is 19 a factor of 9621163?
True
Is 48409188 a multiple of 964?
True
Is 1063240 a multiple of 20?
True
Is 577 a factor of 2379756297?
True
Does 73 divide 153664237?
False
Does 134 divide 11724694?
False
Does 808 divide 254808456?
True
Is 2603159486 a multiple of 124?
False
Is 67687660 a multiple of 20?
True
Is 634185504 a multiple of 453?
True
Is 244 a factor of 33204008?
True
Is 117093477 a multiple of 709?
True
Is 407472050 a multiple of 25?
True
Is 123 a factor of 107671002?
True
Is 1340015443 a multiple of 3282?
False
Is 707460450 a multiple of 470?
True
Does 285 divide 1744581330?
True
Is 12848175 a multiple of 15?
True
Does 1544 divide 45082744?
False
Does 6 divide 442673298?
True
Is 1468571364 a multiple of 351?
True
Is 960 a factor of 148872464?
False
Does 656 divide 8059616?
True
Does 15 divide 93165045?
True
Is 52 a factor of 926990331?
False
Is 130566277 a multiple of 1847?
True
Is 67099820 a multiple of 4?
True
Is 644 a factor of 43470945?
False
Is 227278175 even?
False
Is 172954620 a multiple of 29?
False
Is 51 a factor of 43064859?
True
Does 4199 divide 356322949?
False
Does 2 divide 89154167?
False
Does 5 divide 5461622?
False
Does 881 divide 2431560?
True
Does 161 divide 41320461?
False
Does 61 divide 2110455857?
True
Is 414859500 a multiple of 33?
True
Does 5 divide 27222555?
True
Is 462 a factor of 503384644?
False
Does 654 divide 897138263?
False
Is 3 a factor of 17845419?
True
Is 27827400 a multiple of 8?
True
Is 50 a factor of 12096892?
False
Is 16438214 a multiple of 34?
False
Does 4185 divide 45901080?
True
Is 1292 a factor of 379174972?
False
Is 3777 a factor of 26123856?
False
Does 8 divide 182240179?
False
Is 537974102 even?
True
Is 19104210 a multiple of 37?
True
Does 883 divide 604692528?
True
Does 438 divide 327191929?
False
Does 7 divide 49111674?
False
Is 2616314 a multiple of 635?
False
Is 157549656 a multiple of 373?
False
Does 4 divide 265407316?
True
Is 16 a factor of 15123520?
True
Is 15 a factor of 25050291?
False
Does 545 divide 2081355?
True
Is 2659744 a multiple of 16?
True
Does 2 divide 1947644?
True
Does 14 divide 159562200?
True
Does 3 divide 6598710?
True
Is 129 a factor of 1403517711?
False
Does 816 divide 244504608?
True
Is 561492572 even?
True
Is 1138 a factor of 37144320?
True
Is 344038878 a multiple of 71?
True
Is 89722087 a multiple of 14?
False
Is 1136895342 a multiple of 11?
True
Is 42 a factor of 7502412?
False
Is 90545766 a multiple of 40?
False
Does 2 divide 1448338?
True
Is 186291248 a multiple of 5830?
False
Does 36 divide 374240923?
False
Is 1